{"id":71,"date":"2015-01-30T14:21:17","date_gmt":"2015-01-30T12:21:17","guid":{"rendered":"http:\/\/compendion.net\/fireflycast\/?page_id=71"},"modified":"2015-07-24T15:11:47","modified_gmt":"2015-07-24T13:11:47","slug":"wissen","status":"publish","type":"page","link":"https:\/\/compendion.net\/fireflycast\/wissen","title":{"rendered":"Wissen"},"content":{"rendered":"<p>Hier findet ihr eine \u00dcbersicht \u00fcber Websites, wo ihr weitere interessante Dinge \u00fcber Firefly erfahren k\u00f6nnt. Ihr d\u00fcrft uns gern auf Twitter <a href=\"http:\/\/www.twitter.com\/fireflycast\">@fireflycast<\/a>\u00a0anschreiben, wenn ihr \u00a0Erg\u00e4nzungsvorschl\u00e4ge habt.<\/p>\n<p>Wenn ihr Kram\u00a0kaufen wollt, guckt doch auf unsere <a href=\"https:\/\/compendion.net\/fireflycast\/shopping\">Shopping-Seite<\/a>.<\/p>\n<p>Die Serie &#8222;Firefly&#8220;<\/p>\n<ul>\n<li><a href=\"http:\/\/www.imdb.com\/title\/tt0303461\/?ref_=nv_sr_1\">IMDB<\/a><\/li>\n<li><a href=\"http:\/\/en.wikipedia.org\/wiki\/Firefly_(TV_series)\">Wikipedia (en)<\/a><\/li>\n<li><a href=\"http:\/\/de.wikipedia.org\/wiki\/Firefly_\u2013_Der_Aufbruch_der_Serenity\">Wikipedia (de)<\/a><\/li>\n<li><a href=\"http:\/\/www.serienjunkies.de\/Firefly\/\">Serienjunkies (de)<\/a><\/li>\n<li><a href=\"http:\/\/www.moviepilot.de\/serie\/firefly-aufbruch-der-serenity\">Moviepilot (de)<\/a><\/li>\n<li><a href=\"https:\/\/www.youtube.com\/results?search_query=Firefly+series\">Youtube<\/a><\/li>\n<\/ul>\n<p>Der Film &#8222;Serenity&#8220;<\/p>\n<ul>\n<li><a href=\"http:\/\/www.imdb.com\/title\/tt0379786\/?ref_=tt_rec_tti\">IMDB<\/a><\/li>\n<li><a href=\"http:\/\/en.wikipedia.org\/wiki\/Serenity_(film)\">Wikipedia (en)<\/a><\/li>\n<li><a href=\"http:\/\/de.wikipedia.org\/wiki\/Serenity_\u2013_Flucht_in_neue_Welten\">Wikipedia (de)<\/a><\/li>\n<li><a href=\"https:\/\/www.youtube.com\/results?search_query=Serenity+movie\">Youtube<\/a><\/li>\n<\/ul>\n<p>&#8222;The &#8218;verse&#8220;<\/p>\n<ul>\n<li><a href=\"http:\/\/firefly.wikia.com\/wiki\/Main_Page\">Firefly\/Serenity Wiki (en)<\/a><\/li>\n<li><a href=\"https:\/\/keepflying.com\">Firefly Online Game (en)<\/a><\/li>\n<li><a href=\"http:\/\/en.wikipedia.org\/wiki\/Serenity_Role_Playing_Game\">Firefly\/Serenity Rollenspiel<\/a><\/li>\n<\/ul>\n","protected":false},"excerpt":{"rendered":"<p>Hier findet ihr eine \u00dcbersicht \u00fcber Websites, wo ihr weitere interessante Dinge \u00fcber Firefly erfahren k\u00f6nnt. Ihr d\u00fcrft uns gern auf Twitter @fireflycast\u00a0anschreiben, wenn ihr \u00a0Erg\u00e4nzungsvorschl\u00e4ge habt. Wenn ihr Kram\u00a0kaufen wollt, guckt doch auf unsere Shopping-Seite. Die Serie &#8222;Firefly&#8220; IMDB Wikipedia (en) Wikipedia (de) Serienjunkies (de) Moviepilot (de) Youtube Der Film &#8222;Serenity&#8220; IMDB Wikipedia (en) Wikipedia (de) Youtube &#8222;The &#8218;verse&#8220; Firefly\/Serenity Wiki (en) Firefly Online Game (en) Firefly\/Serenity Rollenspiel<\/p>\n","protected":false},"author":1,"featured_media":0,"parent":0,"menu_order":0,"comment_status":"open","ping_status":"open","template":"","meta":{"footnotes":""},"class_list":["post-71","page","type-page","status-publish","hentry"],"yoast_head":"<!-- This site is optimized with the Yoast SEO plugin v26.6 - https:\/\/yoast.com\/wordpress\/plugins\/seo\/ -->\n<title>Wissen - Fireflycast<\/title>\n<meta name=\"robots\" content=\"index, follow, max-snippet:-1, max-image-preview:large, max-video-preview:-1\" \/>\n<link rel=\"canonical\" href=\"https:\/\/compendion.net\/fireflycast\/wissen\" \/>\n<meta property=\"og:locale\" content=\"de_DE\" \/>\n<meta property=\"og:type\" content=\"article\" \/>\n<meta property=\"og:title\" content=\"Wissen - Fireflycast\" \/>\n<meta property=\"og:description\" content=\"Hier findet ihr eine \u00dcbersicht \u00fcber Websites, wo ihr weitere interessante Dinge \u00fcber Firefly erfahren k\u00f6nnt. Ihr d\u00fcrft uns gern auf Twitter @fireflycast\u00a0anschreiben, wenn ihr \u00a0Erg\u00e4nzungsvorschl\u00e4ge habt. Wenn ihr Kram\u00a0kaufen wollt, guckt doch auf unsere Shopping-Seite. Die Serie &#8222;Firefly&#8220; IMDB Wikipedia (en) Wikipedia (de) Serienjunkies (de) Moviepilot (de) Youtube Der Film &#8222;Serenity&#8220; IMDB Wikipedia (en) Wikipedia (de) Youtube &#8222;The &#8218;verse&#8220; Firefly\/Serenity Wiki (en) Firefly Online Game (en) Firefly\/Serenity Rollenspiel\" \/>\n<meta property=\"og:url\" content=\"https:\/\/compendion.net\/fireflycast\/wissen\" \/>\n<meta property=\"og:site_name\" content=\"Fireflycast\" \/>\n<meta property=\"article:modified_time\" content=\"2015-07-24T13:11:47+00:00\" \/>\n<meta name=\"twitter:card\" content=\"summary_large_image\" \/>\n<script type=\"application\/ld+json\" class=\"yoast-schema-graph\">{\"@context\":\"https:\/\/schema.org\",\"@graph\":[{\"@type\":\"WebPage\",\"@id\":\"https:\/\/compendion.net\/fireflycast\/wissen\",\"url\":\"https:\/\/compendion.net\/fireflycast\/wissen\",\"name\":\"Wissen - Fireflycast\",\"isPartOf\":{\"@id\":\"https:\/\/compendion.net\/fireflycast\/#website\"},\"datePublished\":\"2015-01-30T12:21:17+00:00\",\"dateModified\":\"2015-07-24T13:11:47+00:00\",\"breadcrumb\":{\"@id\":\"https:\/\/compendion.net\/fireflycast\/wissen#breadcrumb\"},\"inLanguage\":\"de\",\"potentialAction\":[{\"@type\":\"ReadAction\",\"target\":[\"https:\/\/compendion.net\/fireflycast\/wissen\"]}]},{\"@type\":\"BreadcrumbList\",\"@id\":\"https:\/\/compendion.net\/fireflycast\/wissen#breadcrumb\",\"itemListElement\":[{\"@type\":\"ListItem\",\"position\":1,\"name\":\"Startseite\",\"item\":\"https:\/\/compendion.net\/fireflycast\/\"},{\"@type\":\"ListItem\",\"position\":2,\"name\":\"Wissen\"}]},{\"@type\":\"WebSite\",\"@id\":\"https:\/\/compendion.net\/fireflycast\/#website\",\"url\":\"https:\/\/compendion.net\/fireflycast\/\",\"name\":\"Fireflycast\",\"description\":\"Der Analytische Talk zur TV-Serie Firefly\",\"publisher\":{\"@id\":\"https:\/\/compendion.net\/fireflycast\/#organization\"},\"potentialAction\":[{\"@type\":\"SearchAction\",\"target\":{\"@type\":\"EntryPoint\",\"urlTemplate\":\"https:\/\/compendion.net\/fireflycast\/?s={search_term_string}\"},\"query-input\":{\"@type\":\"PropertyValueSpecification\",\"valueRequired\":true,\"valueName\":\"search_term_string\"}}],\"inLanguage\":\"de\"},{\"@type\":\"Organization\",\"@id\":\"https:\/\/compendion.net\/fireflycast\/#organization\",\"name\":\"Fireflycast\",\"url\":\"https:\/\/compendion.net\/fireflycast\/\",\"logo\":{\"@type\":\"ImageObject\",\"inLanguage\":\"de\",\"@id\":\"https:\/\/compendion.net\/fireflycast\/#\/schema\/logo\/image\/\",\"url\":\"https:\/\/compendion.net\/fireflycast\/wp-content\/uploads\/sites\/2\/2018\/11\/Logo-compendion-FLY-3k.jpg\",\"contentUrl\":\"https:\/\/compendion.net\/fireflycast\/wp-content\/uploads\/sites\/2\/2018\/11\/Logo-compendion-FLY-3k.jpg\",\"width\":3000,\"height\":3000,\"caption\":\"Fireflycast\"},\"image\":{\"@id\":\"https:\/\/compendion.net\/fireflycast\/#\/schema\/logo\/image\/\"}}]}<\/script>\n<!-- \/ Yoast SEO plugin. -->","yoast_head_json":{"title":"Wissen - Fireflycast","robots":{"index":"index","follow":"follow","max-snippet":"max-snippet:-1","max-image-preview":"max-image-preview:large","max-video-preview":"max-video-preview:-1"},"canonical":"https:\/\/compendion.net\/fireflycast\/wissen","og_locale":"de_DE","og_type":"article","og_title":"Wissen - Fireflycast","og_description":"Hier findet ihr eine \u00dcbersicht \u00fcber Websites, wo ihr weitere interessante Dinge \u00fcber Firefly erfahren k\u00f6nnt. Ihr d\u00fcrft uns gern auf Twitter @fireflycast\u00a0anschreiben, wenn ihr \u00a0Erg\u00e4nzungsvorschl\u00e4ge habt. Wenn ihr Kram\u00a0kaufen wollt, guckt doch auf unsere Shopping-Seite. Die Serie &#8222;Firefly&#8220; IMDB Wikipedia (en) Wikipedia (de) Serienjunkies (de) Moviepilot (de) Youtube Der Film &#8222;Serenity&#8220; IMDB Wikipedia (en) Wikipedia (de) Youtube &#8222;The &#8218;verse&#8220; Firefly\/Serenity Wiki (en) Firefly Online Game (en) Firefly\/Serenity Rollenspiel","og_url":"https:\/\/compendion.net\/fireflycast\/wissen","og_site_name":"Fireflycast","article_modified_time":"2015-07-24T13:11:47+00:00","twitter_card":"summary_large_image","schema":{"@context":"https:\/\/schema.org","@graph":[{"@type":"WebPage","@id":"https:\/\/compendion.net\/fireflycast\/wissen","url":"https:\/\/compendion.net\/fireflycast\/wissen","name":"Wissen - Fireflycast","isPartOf":{"@id":"https:\/\/compendion.net\/fireflycast\/#website"},"datePublished":"2015-01-30T12:21:17+00:00","dateModified":"2015-07-24T13:11:47+00:00","breadcrumb":{"@id":"https:\/\/compendion.net\/fireflycast\/wissen#breadcrumb"},"inLanguage":"de","potentialAction":[{"@type":"ReadAction","target":["https:\/\/compendion.net\/fireflycast\/wissen"]}]},{"@type":"BreadcrumbList","@id":"https:\/\/compendion.net\/fireflycast\/wissen#breadcrumb","itemListElement":[{"@type":"ListItem","position":1,"name":"Startseite","item":"https:\/\/compendion.net\/fireflycast\/"},{"@type":"ListItem","position":2,"name":"Wissen"}]},{"@type":"WebSite","@id":"https:\/\/compendion.net\/fireflycast\/#website","url":"https:\/\/compendion.net\/fireflycast\/","name":"Fireflycast","description":"Der Analytische Talk zur TV-Serie Firefly","publisher":{"@id":"https:\/\/compendion.net\/fireflycast\/#organization"},"potentialAction":[{"@type":"SearchAction","target":{"@type":"EntryPoint","urlTemplate":"https:\/\/compendion.net\/fireflycast\/?s={search_term_string}"},"query-input":{"@type":"PropertyValueSpecification","valueRequired":true,"valueName":"search_term_string"}}],"inLanguage":"de"},{"@type":"Organization","@id":"https:\/\/compendion.net\/fireflycast\/#organization","name":"Fireflycast","url":"https:\/\/compendion.net\/fireflycast\/","logo":{"@type":"ImageObject","inLanguage":"de","@id":"https:\/\/compendion.net\/fireflycast\/#\/schema\/logo\/image\/","url":"https:\/\/compendion.net\/fireflycast\/wp-content\/uploads\/sites\/2\/2018\/11\/Logo-compendion-FLY-3k.jpg","contentUrl":"https:\/\/compendion.net\/fireflycast\/wp-content\/uploads\/sites\/2\/2018\/11\/Logo-compendion-FLY-3k.jpg","width":3000,"height":3000,"caption":"Fireflycast"},"image":{"@id":"https:\/\/compendion.net\/fireflycast\/#\/schema\/logo\/image\/"}}]}},"jetpack_sharing_enabled":true,"_links":{"self":[{"href":"https:\/\/compendion.net\/fireflycast\/wp-json\/wp\/v2\/pages\/71","targetHints":{"allow":["GET"]}}],"collection":[{"href":"https:\/\/compendion.net\/fireflycast\/wp-json\/wp\/v2\/pages"}],"about":[{"href":"https:\/\/compendion.net\/fireflycast\/wp-json\/wp\/v2\/types\/page"}],"author":[{"embeddable":true,"href":"https:\/\/compendion.net\/fireflycast\/wp-json\/wp\/v2\/users\/1"}],"replies":[{"embeddable":true,"href":"https:\/\/compendion.net\/fireflycast\/wp-json\/wp\/v2\/comments?post=71"}],"version-history":[{"count":5,"href":"https:\/\/compendion.net\/fireflycast\/wp-json\/wp\/v2\/pages\/71\/revisions"}],"predecessor-version":[{"id":189,"href":"https:\/\/compendion.net\/fireflycast\/wp-json\/wp\/v2\/pages\/71\/revisions\/189"}],"wp:attachment":[{"href":"https:\/\/compendion.net\/fireflycast\/wp-json\/wp\/v2\/media?parent=71"}],"curies":[{"name":"wp","href":"https:\/\/api.w.org\/{rel}","templated":true}]}}