{"id":34,"date":"2014-11-11T23:35:40","date_gmt":"2014-11-11T21:35:40","guid":{"rendered":"http:\/\/compendion.net\/fireflycast\/?page_id=34"},"modified":"2017-02-26T17:33:53","modified_gmt":"2017-02-26T15:33:53","slug":"shopping","status":"publish","type":"page","link":"https:\/\/compendion.net\/fireflycast\/shopping","title":{"rendered":"Shopping"},"content":{"rendered":"<p>Hier ist eine Auflistung,\u00a0wo es Firefly \u00fcberall zu gucken, kaufen oder lesen gibt. Die Liste wird stetig erweitert und aktualisiert. Hinweise und\u00a0Links zu mehr Konsumgelegenheiten gern an <a href=\"https:\/\/twitter.com\/fireflycast\">@fireflycast<\/a>. Beim Kauf \u00fcber viele dieser Links unterst\u00fctzt ihr Fireflycast \u00fcber einen kleinen Teil des (unver\u00e4nderten) Kaufpreises.<\/p>\n<p>Komplette Serie: Firefly (Deutsch)<\/p>\n<ul>\n<li><a href=\"http:\/\/www.amazon.de\/dp\/B001G1B7ZO\/?tag=wwwcodenagade-21\">Firefly Blu-Rays (Amazon.de)<\/a><\/li>\n<li><a href=\"http:\/\/www.amazon.de\/dp\/B00411RW82\/?tag=wwwcodenagade-21\">Firefly DVDs (Amazon.de)<\/a><\/li>\n<\/ul>\n<p>Spielfilm: Serenity (Deutsch)<\/p>\n<ul>\n<li><a href=\"http:\/\/www.amazon.de\/dp\/B001G8Y8M6\/?tag=wwwcodenagade-21\">Serenity Blu-Ray (Amazon.de)<\/a><\/li>\n<li><a href=\"http:\/\/www.amazon.de\/dp\/B000E6TXG2\/?tag=wwwcodenagade-21\">Serenity DVD (Amazon.de)<\/a><\/li>\n<\/ul>\n<p>Streaming: Firefly<\/p>\n<ul>\n<li><a href=\"https:\/\/www.werstreamt.es\/serie\/details\/233082\/firefly-der-aufbruch-der-serenity\/\">Wer streamt Firefly?<\/a><\/li>\n<li><a href=\"http:\/\/www.netflix.com\/WiMovie\/70202753\">Netflix (Deutsch &amp; Englisch)<\/a><\/li>\n<\/ul>\n<p>Streaming: Serenity<\/p>\n<ul>\n<li><a href=\"https:\/\/www.werstreamt.es\/film\/details\/26923\/serenity-flucht-in-neue-welten\/\">Wer streamt Serenity?<\/a><\/li>\n<\/ul>\n<p>Soundtracks<\/p>\n<ul>\n<li><a href=\"http:\/\/www.amazon.de\/dp\/B000BPCB3I\/?tag=wwwcodenagade-21\">Firefly Soundtrack (Amazon.de)<\/a><\/li>\n<li><a href=\"http:\/\/www.amazon.de\/dp\/B000B852AE\/?tag=wwwcodenagade-21\">Serenity Soundtrack (Amazon.de)<\/a><\/li>\n<\/ul>\n<p>Buch:<\/p>\n<ul>\n<li><a href=\"http:\/\/www.amazon.de\/dp\/1781161682\/?tag=wwwcodenagade-21\">Firefly &#8211; A Celebration (Amazon.de)<\/a><\/li>\n<li><a href=\"http:\/\/www.amazon.de\/dp\/1936685329\/?tag=wwwcodenagade-21\">Firefly &#8211; Roleplaying Game (Amazon.de)<\/a><\/li>\n<\/ul>\n<p>Comics (Englisch)<\/p>\n<ul>\n<li><a href=\"http:\/\/www.amazon.de\/dp\/1593074492\/?tag=wwwcodenagade-21\">Serenity Volume\u00a01: Those Left Behind (Amazon.de)<\/a><\/li>\n<li><a href=\"http:\/\/www.amazon.de\/dp\/1595827390\/?tag=wwwcodenagade-21\">Serenity Volume 2: Better Days and Other Stories 2nd Edition (Amazon.de)<\/a><\/li>\n<li><a href=\"http:\/\/www.amazon.de\/dp\/1595825614\/?tag=wwwcodenagade-21\">Serenity Volume 3: The Shepherd&#8217;s Tale (Amazon.de)<\/a><\/li>\n<li><a href=\"http:\/\/amzn.to\/2lJycQN\">Serenity: Leaves on the Wind (Amazon.de)<\/a><\/li>\n<\/ul>\n<p>Comics (Deutsch)<\/p>\n<ul>\n<li><a href=\"http:\/\/www.amazon.de\/dp\/3866079842\/?tag=wwwcodenagade-21\">Serenity: Bd. 1: Zwischen den Welten (Amazon.de)<\/a><\/li>\n<li><a href=\"http:\/\/www.amazon.de\/dp\/3957982286\/?tag=wwwcodenagade-21\">Serenity: Bd. 2: Bl\u00e4tter im Wind (Amazon.de)<\/a><\/li>\n<li><a href=\"http:\/\/amzn.to\/2e7moIi\">Serenity: Bd. 3: Shepherds Geschichte (Amazon.de)<\/a><\/li>\n<\/ul>\n<p>Brettspiel (Englisch)<\/p>\n<ul>\n<li><a href=\"http:\/\/www.amazon.de\/dp\/0992251656\/?tag=wwwcodenagade-21\">Firefly: the Game (Amazon.de)<\/a><\/li>\n<li style=\"text-align: left;\"><a href=\"http:\/\/www.amazon.de\/dp\/1940825520\/?tag=wwwcodenagade-21\">Firefly: the Game &#8211; Blue Sun\u00a0Rim Space Expansion Set (Amazon.de)<\/a><\/li>\n<li style=\"text-align: left;\"><a href=\"http:\/\/www.amazon.de\/dp\/1940825016\/?tag=wwwcodenagade-21\">Firefly: the Game &#8211; Pirates &amp; Bounty Hunters Game Expansion (Amazon.de)<\/a><\/li>\n<li style=\"text-align: left;\"><a href=\"Firefly:%20the Game - Breakin Atmo: Game Booster Expansion Set\">Firefly: the Game &#8211; Breakin Atmo: Game Booster Booster\u00a0(Amazon.de)<\/a><\/li>\n<li style=\"text-align: left;\"><a href=\"http:\/\/amzn.to\/2bAqtQ4\">Firefly: the Game &#8211; Kalidasa Expansion (Amazon.de)<\/a><\/li>\n<li style=\"text-align: left;\"><a href=\"http:\/\/www.amazon.de\/dp\/B00LA64G4O\/?tag=wwwcodenagade-21\">Firefly: the Game &#8211; Promo Card Pack (Amazon.de)<\/a><\/li>\n<li style=\"text-align: left;\"><a href=\"http:\/\/www.amazon.de\/dp\/B00OVZ67J8\/?tag=wwwcodenagade-21\">Firefly: the Game &#8211; Artful Dodger &#8211; Booster (Amazon.de)<\/a><\/li>\n<li style=\"text-align: left;\"><a href=\"http:\/\/amzn.to\/2bApIGO\">Firefly: the Game &#8211; Esmeralda Booster (Amazon.de)<\/a><\/li>\n<li style=\"text-align: left;\"><a href=\"http:\/\/amzn.to\/2aYO0Nr\">Firefly: the Game &#8211; Jetwash Booster (Amazon.de)<\/a><\/li>\n<\/ul>\n<p>Brettspiel (Deutsch)<\/p>\n<ul>\n<li><a href=\"http:\/\/www.amazon.de\/dp\/B00PB4447K\/?tag=wwwcodenagade-21\">Firefly: Das Spiel (Amazon.de)<\/a><\/li>\n<li><a href=\"http:\/\/www.amazon.de\/dp\/B00PB4EBTQ\/?tag=wwwcodenagade-21\">Firefly: Das Spiel &#8211; Erweiterung Schwerelos (Amazon.de)<\/a><\/li>\n<li><a href=\"http:\/\/amzn.to\/2bAqxiR\">Firefly: Das Spiel &#8211; Erweiterung Piraten und Kopfgeldj\u00e4ger (Amazon.de)<\/a><\/li>\n<\/ul>\n<p>Brettspiel (beide Sprachen)<\/p>\n<ul>\n<li><a href=\"http:\/\/amzn.to\/2boS6zh\">Vinyl-Spielplan (Amazon.de)<\/a><\/li>\n<li><a href=\"http:\/\/amzn.to\/2aYQ6gl\">W\u00fcrfel-Set (Amazon.de)<\/a><\/li>\n<li><a href=\"http:\/\/amzn.to\/2aYQCLh\">Schiffsmodelle (Amazon.de)<\/a><\/li>\n<\/ul>\n<p>Rollenspiel (Englisch)<\/p>\n<ul>\n<li><a href=\"http:\/\/www.amazon.de\/dp\/1936685329\/?tag=wwwcodenagade-21\">Firefly Role-Playing Game (Amazon.de)<\/a><\/li>\n<li><a href=\"http:\/\/www.amazon.de\/dp\/1931567816\/?tag=wwwcodenagade-21\">Serenity\u00a0RPG Six-Shooters &amp; Spaceships (Amazon.de)<\/a><\/li>\n<\/ul>\n<p>Schmuck<\/p>\n<ul>\n<li><a href=\"http:\/\/www.amazon.de\/dp\/B0035Z06G0\/?tag=wwwcodenagade-21\">Firefly Schl\u00fcsselanh\u00e4nger (Amazon.de)<\/a><\/li>\n<li><a href=\"http:\/\/www.amazon.de\/dp\/B00506WNQI\/?tag=wwwcodenagade-21\">Firefly Typenplakette (Amazon.de)<\/a><\/li>\n<li><a href=\"http:\/\/www.amazon.de\/dp\/B004H85K1K\/?tag=wwwcodenagade-21\">Firefly Typenschild (Amazon.de)<\/a><\/li>\n<\/ul>\n","protected":false},"excerpt":{"rendered":"<p>Hier ist eine Auflistung,\u00a0wo es Firefly \u00fcberall zu gucken, kaufen oder lesen gibt. Die Liste wird stetig erweitert und aktualisiert. Hinweise und\u00a0Links zu mehr Konsumgelegenheiten gern an @fireflycast. Beim Kauf \u00fcber viele dieser Links unterst\u00fctzt ihr Fireflycast \u00fcber einen kleinen Teil des (unver\u00e4nderten) Kaufpreises. Komplette Serie: Firefly (Deutsch) Firefly Blu-Rays (Amazon.de) Firefly DVDs (Amazon.de) Spielfilm: Serenity (Deutsch) Serenity Blu-Ray (Amazon.de) Serenity DVD (Amazon.de) Streaming: Firefly Wer streamt Firefly? Netflix (Deutsch &amp; Englisch) Streaming: Serenity Wer streamt Serenity? Soundtracks Firefly Soundtrack (Amazon.de) Serenity Soundtrack (Amazon.de) Buch: Firefly &#8211; A Celebration (Amazon.de) Firefly &#8211; Roleplaying Game (Amazon.de) Comics (Englisch) Serenity Volume\u00a01: Those Left Behind (Amazon.de) Serenity Volume 2: Better Days and Other [&hellip;]<\/p>\n","protected":false},"author":1,"featured_media":0,"parent":0,"menu_order":0,"comment_status":"open","ping_status":"open","template":"","meta":{"footnotes":""},"class_list":["post-34","page","type-page","status-publish","hentry"],"yoast_head":"<!-- This site is optimized with the Yoast SEO plugin v26.6 - https:\/\/yoast.com\/wordpress\/plugins\/seo\/ -->\n<title>Shopping - Fireflycast<\/title>\n<meta name=\"robots\" content=\"index, follow, max-snippet:-1, max-image-preview:large, max-video-preview:-1\" \/>\n<link rel=\"canonical\" href=\"https:\/\/compendion.net\/fireflycast\/shopping\" \/>\n<meta property=\"og:locale\" content=\"de_DE\" \/>\n<meta property=\"og:type\" content=\"article\" \/>\n<meta property=\"og:title\" content=\"Shopping - Fireflycast\" \/>\n<meta property=\"og:description\" content=\"Hier ist eine Auflistung,\u00a0wo es Firefly \u00fcberall zu gucken, kaufen oder lesen gibt. Die Liste wird stetig erweitert und aktualisiert. Hinweise und\u00a0Links zu mehr Konsumgelegenheiten gern an @fireflycast. Beim Kauf \u00fcber viele dieser Links unterst\u00fctzt ihr Fireflycast \u00fcber einen kleinen Teil des (unver\u00e4nderten) Kaufpreises. Komplette Serie: Firefly (Deutsch) Firefly Blu-Rays (Amazon.de) Firefly DVDs (Amazon.de) Spielfilm: Serenity (Deutsch) Serenity Blu-Ray (Amazon.de) Serenity DVD (Amazon.de) Streaming: Firefly Wer streamt Firefly? Netflix (Deutsch &amp; Englisch) Streaming: Serenity Wer streamt Serenity? Soundtracks Firefly Soundtrack (Amazon.de) Serenity Soundtrack (Amazon.de) Buch: Firefly &#8211; A Celebration (Amazon.de) Firefly &#8211; Roleplaying Game (Amazon.de) Comics (Englisch) Serenity Volume\u00a01: Those Left Behind (Amazon.de) Serenity Volume 2: Better Days and Other [&hellip;]\" \/>\n<meta property=\"og:url\" content=\"https:\/\/compendion.net\/fireflycast\/shopping\" \/>\n<meta property=\"og:site_name\" content=\"Fireflycast\" \/>\n<meta property=\"article:modified_time\" content=\"2017-02-26T15:33:53+00:00\" \/>\n<meta name=\"twitter:card\" content=\"summary_large_image\" \/>\n<meta name=\"twitter:label1\" content=\"Gesch\u00e4tzte Lesezeit\" \/>\n\t<meta name=\"twitter:data1\" content=\"2\u00a0Minuten\" \/>\n<script type=\"application\/ld+json\" class=\"yoast-schema-graph\">{\"@context\":\"https:\/\/schema.org\",\"@graph\":[{\"@type\":\"WebPage\",\"@id\":\"https:\/\/compendion.net\/fireflycast\/shopping\",\"url\":\"https:\/\/compendion.net\/fireflycast\/shopping\",\"name\":\"Shopping - Fireflycast\",\"isPartOf\":{\"@id\":\"https:\/\/compendion.net\/fireflycast\/#website\"},\"datePublished\":\"2014-11-11T21:35:40+00:00\",\"dateModified\":\"2017-02-26T15:33:53+00:00\",\"breadcrumb\":{\"@id\":\"https:\/\/compendion.net\/fireflycast\/shopping#breadcrumb\"},\"inLanguage\":\"de\",\"potentialAction\":[{\"@type\":\"ReadAction\",\"target\":[\"https:\/\/compendion.net\/fireflycast\/shopping\"]}]},{\"@type\":\"BreadcrumbList\",\"@id\":\"https:\/\/compendion.net\/fireflycast\/shopping#breadcrumb\",\"itemListElement\":[{\"@type\":\"ListItem\",\"position\":1,\"name\":\"Startseite\",\"item\":\"https:\/\/compendion.net\/fireflycast\/\"},{\"@type\":\"ListItem\",\"position\":2,\"name\":\"Shopping\"}]},{\"@type\":\"WebSite\",\"@id\":\"https:\/\/compendion.net\/fireflycast\/#website\",\"url\":\"https:\/\/compendion.net\/fireflycast\/\",\"name\":\"Fireflycast\",\"description\":\"Der Analytische Talk zur TV-Serie Firefly\",\"publisher\":{\"@id\":\"https:\/\/compendion.net\/fireflycast\/#organization\"},\"potentialAction\":[{\"@type\":\"SearchAction\",\"target\":{\"@type\":\"EntryPoint\",\"urlTemplate\":\"https:\/\/compendion.net\/fireflycast\/?s={search_term_string}\"},\"query-input\":{\"@type\":\"PropertyValueSpecification\",\"valueRequired\":true,\"valueName\":\"search_term_string\"}}],\"inLanguage\":\"de\"},{\"@type\":\"Organization\",\"@id\":\"https:\/\/compendion.net\/fireflycast\/#organization\",\"name\":\"Fireflycast\",\"url\":\"https:\/\/compendion.net\/fireflycast\/\",\"logo\":{\"@type\":\"ImageObject\",\"inLanguage\":\"de\",\"@id\":\"https:\/\/compendion.net\/fireflycast\/#\/schema\/logo\/image\/\",\"url\":\"https:\/\/compendion.net\/fireflycast\/wp-content\/uploads\/sites\/2\/2018\/11\/Logo-compendion-FLY-3k.jpg\",\"contentUrl\":\"https:\/\/compendion.net\/fireflycast\/wp-content\/uploads\/sites\/2\/2018\/11\/Logo-compendion-FLY-3k.jpg\",\"width\":3000,\"height\":3000,\"caption\":\"Fireflycast\"},\"image\":{\"@id\":\"https:\/\/compendion.net\/fireflycast\/#\/schema\/logo\/image\/\"}}]}<\/script>\n<!-- \/ Yoast SEO plugin. -->","yoast_head_json":{"title":"Shopping - Fireflycast","robots":{"index":"index","follow":"follow","max-snippet":"max-snippet:-1","max-image-preview":"max-image-preview:large","max-video-preview":"max-video-preview:-1"},"canonical":"https:\/\/compendion.net\/fireflycast\/shopping","og_locale":"de_DE","og_type":"article","og_title":"Shopping - Fireflycast","og_description":"Hier ist eine Auflistung,\u00a0wo es Firefly \u00fcberall zu gucken, kaufen oder lesen gibt. Die Liste wird stetig erweitert und aktualisiert. Hinweise und\u00a0Links zu mehr Konsumgelegenheiten gern an @fireflycast. Beim Kauf \u00fcber viele dieser Links unterst\u00fctzt ihr Fireflycast \u00fcber einen kleinen Teil des (unver\u00e4nderten) Kaufpreises. Komplette Serie: Firefly (Deutsch) Firefly Blu-Rays (Amazon.de) Firefly DVDs (Amazon.de) Spielfilm: Serenity (Deutsch) Serenity Blu-Ray (Amazon.de) Serenity DVD (Amazon.de) Streaming: Firefly Wer streamt Firefly? Netflix (Deutsch &amp; Englisch) Streaming: Serenity Wer streamt Serenity? Soundtracks Firefly Soundtrack (Amazon.de) Serenity Soundtrack (Amazon.de) Buch: Firefly &#8211; A Celebration (Amazon.de) Firefly &#8211; Roleplaying Game (Amazon.de) Comics (Englisch) Serenity Volume\u00a01: Those Left Behind (Amazon.de) Serenity Volume 2: Better Days and Other [&hellip;]","og_url":"https:\/\/compendion.net\/fireflycast\/shopping","og_site_name":"Fireflycast","article_modified_time":"2017-02-26T15:33:53+00:00","twitter_card":"summary_large_image","twitter_misc":{"Gesch\u00e4tzte Lesezeit":"2\u00a0Minuten"},"schema":{"@context":"https:\/\/schema.org","@graph":[{"@type":"WebPage","@id":"https:\/\/compendion.net\/fireflycast\/shopping","url":"https:\/\/compendion.net\/fireflycast\/shopping","name":"Shopping - Fireflycast","isPartOf":{"@id":"https:\/\/compendion.net\/fireflycast\/#website"},"datePublished":"2014-11-11T21:35:40+00:00","dateModified":"2017-02-26T15:33:53+00:00","breadcrumb":{"@id":"https:\/\/compendion.net\/fireflycast\/shopping#breadcrumb"},"inLanguage":"de","potentialAction":[{"@type":"ReadAction","target":["https:\/\/compendion.net\/fireflycast\/shopping"]}]},{"@type":"BreadcrumbList","@id":"https:\/\/compendion.net\/fireflycast\/shopping#breadcrumb","itemListElement":[{"@type":"ListItem","position":1,"name":"Startseite","item":"https:\/\/compendion.net\/fireflycast\/"},{"@type":"ListItem","position":2,"name":"Shopping"}]},{"@type":"WebSite","@id":"https:\/\/compendion.net\/fireflycast\/#website","url":"https:\/\/compendion.net\/fireflycast\/","name":"Fireflycast","description":"Der Analytische Talk zur TV-Serie Firefly","publisher":{"@id":"https:\/\/compendion.net\/fireflycast\/#organization"},"potentialAction":[{"@type":"SearchAction","target":{"@type":"EntryPoint","urlTemplate":"https:\/\/compendion.net\/fireflycast\/?s={search_term_string}"},"query-input":{"@type":"PropertyValueSpecification","valueRequired":true,"valueName":"search_term_string"}}],"inLanguage":"de"},{"@type":"Organization","@id":"https:\/\/compendion.net\/fireflycast\/#organization","name":"Fireflycast","url":"https:\/\/compendion.net\/fireflycast\/","logo":{"@type":"ImageObject","inLanguage":"de","@id":"https:\/\/compendion.net\/fireflycast\/#\/schema\/logo\/image\/","url":"https:\/\/compendion.net\/fireflycast\/wp-content\/uploads\/sites\/2\/2018\/11\/Logo-compendion-FLY-3k.jpg","contentUrl":"https:\/\/compendion.net\/fireflycast\/wp-content\/uploads\/sites\/2\/2018\/11\/Logo-compendion-FLY-3k.jpg","width":3000,"height":3000,"caption":"Fireflycast"},"image":{"@id":"https:\/\/compendion.net\/fireflycast\/#\/schema\/logo\/image\/"}}]}},"jetpack_sharing_enabled":true,"_links":{"self":[{"href":"https:\/\/compendion.net\/fireflycast\/wp-json\/wp\/v2\/pages\/34","targetHints":{"allow":["GET"]}}],"collection":[{"href":"https:\/\/compendion.net\/fireflycast\/wp-json\/wp\/v2\/pages"}],"about":[{"href":"https:\/\/compendion.net\/fireflycast\/wp-json\/wp\/v2\/types\/page"}],"author":[{"embeddable":true,"href":"https:\/\/compendion.net\/fireflycast\/wp-json\/wp\/v2\/users\/1"}],"replies":[{"embeddable":true,"href":"https:\/\/compendion.net\/fireflycast\/wp-json\/wp\/v2\/comments?post=34"}],"version-history":[{"count":12,"href":"https:\/\/compendion.net\/fireflycast\/wp-json\/wp\/v2\/pages\/34\/revisions"}],"predecessor-version":[{"id":366,"href":"https:\/\/compendion.net\/fireflycast\/wp-json\/wp\/v2\/pages\/34\/revisions\/366"}],"wp:attachment":[{"href":"https:\/\/compendion.net\/fireflycast\/wp-json\/wp\/v2\/media?parent=34"}],"curies":[{"name":"wp","href":"https:\/\/api.w.org\/{rel}","templated":true}]}}