{"id":216,"date":"2016-09-05T16:15:29","date_gmt":"2016-09-05T14:15:29","guid":{"rendered":"http:\/\/compendion.net\/fireflycast\/?page_id=216"},"modified":"2024-08-09T08:11:02","modified_gmt":"2024-08-09T06:11:02","slug":"episoden","status":"publish","type":"page","link":"https:\/\/compendion.net\/fireflycast\/","title":{"rendered":"Episodenguide"},"content":{"rendered":"<p>Die Serie Firefly von Joss Whedon ist eine Mischung aus Science Fiction und Western. Es geht um die\u00a0Crew von Captain Malcolm Reynolds, der auf\u00a0viele Weisen versucht, sein Raumschiff Serenity weiterfliegen zu lassen\u00a0und mitsamt seiner Crew zu \u00fcberleben.<\/p>\n<p>Die Aufgabe des Fireflycast ist es, jede der Serienepisoden zu analysieren und Szene f\u00fcr Szene zu besprechen, von vorn bis hinten. Jede Sequenz, alle Details, alle Fakten und viele Anekdoten sind in diesem Podcast zu h\u00f6ren.<\/p>\n<p>Auch nach der Serie ist nicht Schluss. Es gibt im &#8222;verse&#8220; noch vieles weitere zu Firefly. Wenn ihr all das auch h\u00f6ren wollt, empfehle ich euch, unseren Podcast \u00fcber den Button rechts zu abonnieren. Das ist selbstverst\u00e4ndlich kostenlos!<\/p>\n<p>Wenn ihr uns etwas gutes tun wollt, zeigt\u00a0Firefly euren Freunden und Familien, euren Klassenkameraden und Kollegen, euren Friseuren und der netten alten Dame, die ihr immer im Haus gegen\u00fcber am Fenster sitzen seht.\u00a0Die Serie ist so gut, dass absolut jeder sie gesehen haben sollte!<\/p>\n<p>Per Klick auf die Titel der Episoden\u00a0gelangt ihr direkt zur entsprechenden Podcastfolge. Also: Viel Spa\u00df beim H\u00f6ren und Keep Flying!<\/p>\n<h3 class='fw-special-title'>Episodenguide<\/h3>\n<p> Eine \u00dcbersicht \u00fcber Serie und Film und unsere Analysen dazu.<\/p>\n<p>\n Episode<br \/>\n Beschreibung<br \/>\n <a href=\"https:\/\/compendion.net\/fireflycast\/01\"><br \/>\n FLY 01 Serenity<br \/>\n <\/a><br \/>\n Dauer: 2:15h<br \/>\n Der &#8218;echte&#8216; Serienpilot &#8222;Serenity&#8220;: Was macht die Serie &#8218;Firefly&#8216; so besonders? Worum geht es \u00fcberhaupt? Die Antworten gibt es in diesem Podcast.<br \/>\n <a href=\"https:\/\/compendion.net\/fireflycast\/02\"><br \/>\n FLY 02 The Train Job<br \/>\n <\/a><br \/>\n Dauer: 1:15h<br \/>\n The Train Job (dt: &#8222;Schmutzige Gesch\u00e4fte&#8220;): ein Zug\u00fcberfall. Doch als Quasipilot mit der Aufgabe, die Figuren schnell vorzustellen und das dennoch spannend zu gestalten.<br \/>\n <a href=\"https:\/\/compendion.net\/fireflycast\/03\"><br \/>\n FLY 03 Bushwacked<br \/>\n <\/a><br \/>\n Dauer: 1:54h<br \/>\n Bushwacked (dt: &#8222;Fernab der Zivilisation&#8220;): ein pl\u00f6tzlich auftauchendes Schiffswrack birgt einige Geheimnisse.<br \/>\n <a href=\"https:\/\/compendion.net\/fireflycast\/04\"><br \/>\n FLY 04 Shindig<br \/>\n <\/a><br \/>\n Dauer: 1:25h<br \/>\n Shindig (dt: Das Duell). In dieser Episode geht es auf Persephone um das Erlangen eines Deals, was einige T\u00fccken aufweist.<br \/>\n <a href=\"https:\/\/compendion.net\/fireflycast\/05\"><br \/>\n FLY 05 Safe<br \/>\n <\/a><br \/>\n Dauer: 2:09h<br \/>\n Safe (dt.: In letzter Sekunde). In dieser Episode gibt es Schie\u00dfereien, Entf\u00fchrungen, Drohungen und Scheiterhaufen, aber auch Tanz, Rettung, Schw\u00e4ne und Wandmalereien.<br \/>\n <a href=\"https:\/\/compendion.net\/fireflycast\/06\"><br \/>\n FLY 06 Our Mrs Reynolds<br \/>\n <\/a><br \/>\n Dauer: 2:21h<br \/>\n Our Mrs Reynolds (dt.: Mrs Reynolds): Frotzeleien, Verf\u00fchrungen, Verwirrungen und Gift, aber auch Tanz, Sexismus, hohe Schauspielkunst und Betrug.<br \/>\n <a href=\"https:\/\/compendion.net\/fireflycast\/07\"><br \/>\n FLY 07 Jaynestown<br \/>\n <\/a><br \/>\n Dauer: 1:29h<br \/>\n Jaynestown (dt.: ebd): Betrug, Rache, Verwechslung und Unterdr\u00fcckung, aber auch Liebe, Rettung, Verehrung und Sex.<br \/>\n <a href=\"https:\/\/compendion.net\/fireflycast\/08\"><br \/>\n FLY 08 Out of Gas<br \/>\n <\/a><br \/>\n Dauer: 1:38h<br \/>\n Out of Gas (dt.: Kampf ums \u00dcberleben): ein Desaster, das die Crew auf eine harte Probe stellt. Und die Entstehungsgeschichte der Crew.<br \/>\n <a href=\"https:\/\/compendion.net\/fireflycast\/09\"><br \/>\n FLY 09 Ariel<br \/>\n <\/a><br \/>\n Dauer: 2:17h<br \/>\n Ariel (dt. \u201aFalsches Spiel\u2019): Ein Einbruch in ein Krankenhaus mit diversen Komplikationen, auch innerhalb der Crew.<br \/>\n <a href=\"https:\/\/compendion.net\/fireflycast\/10\"><br \/>\n FLY 10 War Stories<br \/>\n <\/a><br \/>\n Dauer: 2:16h<br \/>\n War Stories (dt.: \u201cIn den F\u00e4ngen des Shan Yu\u201d): Folter und Vertrauen. Mal und Wash geraten bei einer Routine\u00fcbergabe in die H\u00e4nde von Adelai Niska, bekannt aus Ep2: &#8218;The Train Job&#8216;.<br \/>\n <a href=\"https:\/\/compendion.net\/fireflycast\/11\"><br \/>\n FLY 11 Trash<br \/>\n <\/a><br \/>\n Dauer: 1:55h<br \/>\n Trash (dt. Antiquit\u00e4tenraub): Der Raub eines MacGuffin. Dabei entstand eine sehr am\u00fcsante Story, in der Christina Hendricks wieder als Gaststar Saffron auftritt.<br \/>\n <a href=\"https:\/\/compendion.net\/fireflycast\/12\"><br \/>\n FLY 12 The Message<br \/>\n <\/a><br \/>\n Dauer: 1:41h<br \/>\n The Message (dt.: Die Botschaft): Ein Toter, eine M\u00fctze, ein abtr\u00fcnniger Cop und fiese Plotholes, aber auch Joss-Whedon-Humor, Romanzen, rasante Flugman\u00f6ver und gef\u00fchlvolle Szenen.<br \/>\n <a href=\"https:\/\/compendion.net\/fireflycast\/13\"><br \/>\n FLY 13 Heart of Gold<br \/>\n <\/a><br \/>\n Dauer: 2:01h<br \/>\n Heart of Gold (dt. Leichte M\u00e4dchen): Verrat, um ein Bordell, eine Geburt, Begegnungen und Verluste, um Gro\u00dfe Freude und tiefe Trauer.<br \/>\n <a href=\"https:\/\/compendion.net\/fireflycast\/14\"><br \/>\n FLY 14 Objects in Space<br \/>\n <\/a><br \/>\n Dauer: 1:50h<br \/>\n Objects in Space (dt: Der Kopfgeldj\u00e4ger): Probleme mit River und eine Probleml\u00f6sung, die selbst ein Problem ist, das gel\u00f6st werden will: ein philosophierender Kopfgeldj\u00e4ger.<br \/>\n.podcast_archive_element .thumbnail {<br \/>\n width: 64px;<br \/>\n padding: 5px !important;<br \/>\n}<br \/>\n.podcast_archive_element td {<br \/>\n vertical-align: top;<br \/>\n}<br \/>\ntd.title, th.titletitle {<br \/>\n width: 190px;<br \/>\n}<br \/>\n.duration {<br \/>\n margin-left: 60px;<br \/>\n}\n<\/p>\n<h3 class='fw-special-title'>Waves<\/h3>\n<p> Alles, was zum Firefly-Universum geh\u00f6rt, aber weder Serie noch Film ist.<\/p>\n<p>\n Episode<br \/>\n Beschreibung<br \/>\n <a href=\"https:\/\/compendion.net\/fireflycast\/wave01\"><br \/>\n Wave 01 Firefly Online Cortex 2.01<br \/>\n <\/a><br \/>\n Dauer: 0:28h<br \/>\n Diesmal geht es um das Teaser-Minispiel Firefly Online Cortex, das es nun f\u00fcr PC, Mac und iOS gibt. Wir berichten von unseren Eindr\u00fccken und Erfahrungen damit.<br \/>\n <a href=\"https:\/\/compendion.net\/fireflycast\/wave02\"><br \/>\n Wave 02 Interview with Andy Gore about Firefly Online<br \/>\n <\/a><br \/>\n Dauer: 0:42h<br \/>\n In this very special Episode our host Alexander has the privilege to be interviewing Andy Gore, CEO of renowned Firefly merchandise creator Quantum Mechanix, the guy behind the highly anticipated upcoming game Firefly Online!<br \/>\n <a href=\"https:\/\/compendion.net\/fireflycast\/wave03\"><br \/>\n Wave 03 Con Man bei Indiegogo<br \/>\n <\/a><br \/>\n Dauer: 0:16h<br \/>\n In dieser Wave des Fireflycasts geht es \u00fcberhaupt nicht um Firefly, sondern um das neue Comedy-Webserien-Projekt von Alan Tudyk und Nathan Fillion namens Con Man.<br \/>\n <a href=\"https:\/\/compendion.net\/fireflycast\/wave04\"><br \/>\n WAVE 04 Das Brettspiel zu Firefly<br \/>\n <\/a><br \/>\n Dauer: 0:39h<br \/>\n Heute geht&#8217;s um das Brettspiel Firefly &#8211; Aufbruch der Serenity aus dem Heidelberger Spieleverlag.<br \/>\n <a href=\"https:\/\/compendion.net\/fireflycast\/wave05\"><br \/>\n WAVE 05 Comic: Those Left Behind<br \/>\n <\/a><br \/>\n Dauer: 1:36h<br \/>\n Diesmal geht es um den Comic &#8218;Those Left Behind&#8216; (dt.: &#8218;Zwischen den Welten&#8216;), der zwischen der Serie Firefly und dem Film Serenity spielt.<br \/>\n.podcast_archive_element .thumbnail {<br \/>\n width: 64px;<br \/>\n padding: 5px !important;<br \/>\n}<br \/>\n.podcast_archive_element td {<br \/>\n vertical-align: top;<br \/>\n}<br \/>\ntd.title, th.titletitle {<br \/>\n width: 190px;<br \/>\n}<br \/>\n.duration {<br \/>\n margin-left: 60px;<br \/>\n}<\/p>\n","protected":false},"excerpt":{"rendered":"<p>Die Serie Firefly von Joss Whedon ist eine Mischung aus Science Fiction und Western. Es geht um die\u00a0Crew von Captain Malcolm Reynolds, der auf\u00a0viele Weisen versucht, sein Raumschiff Serenity weiterfliegen zu lassen\u00a0und mitsamt seiner Crew zu \u00fcberleben. Die Aufgabe des Fireflycast ist es, jede der Serienepisoden zu analysieren und Szene f\u00fcr Szene zu besprechen, von vorn bis hinten. Jede Sequenz, alle Details, alle Fakten und viele Anekdoten sind in diesem Podcast zu h\u00f6ren. Auch nach der Serie ist nicht Schluss. Es gibt im &#8222;verse&#8220; noch vieles weitere zu Firefly. Wenn ihr all das auch h\u00f6ren wollt, empfehle ich euch, unseren Podcast \u00fcber den Button rechts zu abonnieren. Das ist selbstverst\u00e4ndlich [&hellip;]<\/p>\n","protected":false},"author":1,"featured_media":398,"parent":0,"menu_order":0,"comment_status":"closed","ping_status":"closed","template":"","meta":{"footnotes":""},"class_list":["post-216","page","type-page","status-publish","has-post-thumbnail","hentry"],"yoast_head":"<!-- This site is optimized with the Yoast SEO plugin v26.6 - https:\/\/yoast.com\/wordpress\/plugins\/seo\/ -->\n<title>Episodenguide - Fireflycast<\/title>\n<meta name=\"robots\" content=\"index, follow, max-snippet:-1, max-image-preview:large, max-video-preview:-1\" \/>\n<link rel=\"canonical\" href=\"https:\/\/compendion.net\/fireflycast\/\" \/>\n<meta property=\"og:locale\" content=\"de_DE\" \/>\n<meta property=\"og:type\" content=\"article\" \/>\n<meta property=\"og:title\" content=\"Episodenguide - Fireflycast\" \/>\n<meta property=\"og:description\" content=\"Die Serie Firefly von Joss Whedon ist eine Mischung aus Science Fiction und Western. Es geht um die\u00a0Crew von Captain Malcolm Reynolds, der auf\u00a0viele Weisen versucht, sein Raumschiff Serenity weiterfliegen zu lassen\u00a0und mitsamt seiner Crew zu \u00fcberleben. Die Aufgabe des Fireflycast ist es, jede der Serienepisoden zu analysieren und Szene f\u00fcr Szene zu besprechen, von vorn bis hinten. Jede Sequenz, alle Details, alle Fakten und viele Anekdoten sind in diesem Podcast zu h\u00f6ren. Auch nach der Serie ist nicht Schluss. Es gibt im &#8222;verse&#8220; noch vieles weitere zu Firefly. Wenn ihr all das auch h\u00f6ren wollt, empfehle ich euch, unseren Podcast \u00fcber den Button rechts zu abonnieren. Das ist selbstverst\u00e4ndlich [&hellip;]\" \/>\n<meta property=\"og:url\" content=\"https:\/\/compendion.net\/fireflycast\/\" \/>\n<meta property=\"og:site_name\" content=\"Fireflycast\" \/>\n<meta property=\"article:modified_time\" content=\"2024-08-09T06:11:02+00:00\" \/>\n<meta name=\"twitter:card\" content=\"summary_large_image\" \/>\n<meta name=\"twitter:label1\" content=\"Gesch\u00e4tzte Lesezeit\" \/>\n\t<meta name=\"twitter:data1\" content=\"4\u00a0Minuten\" \/>\n<script type=\"application\/ld+json\" class=\"yoast-schema-graph\">{\"@context\":\"https:\/\/schema.org\",\"@graph\":[{\"@type\":\"WebPage\",\"@id\":\"https:\/\/compendion.net\/fireflycast\/\",\"url\":\"https:\/\/compendion.net\/fireflycast\/\",\"name\":\"Episodenguide - Fireflycast\",\"isPartOf\":{\"@id\":\"https:\/\/compendion.net\/fireflycast\/#website\"},\"primaryImageOfPage\":{\"@id\":\"https:\/\/compendion.net\/fireflycast\/#primaryimage\"},\"image\":{\"@id\":\"https:\/\/compendion.net\/fireflycast\/#primaryimage\"},\"thumbnailUrl\":\"https:\/\/compendion.net\/fireflycast\/wp-content\/uploads\/sites\/2\/2018\/11\/Header-compendion-FLY-1200.jpg\",\"datePublished\":\"2016-09-05T14:15:29+00:00\",\"dateModified\":\"2024-08-09T06:11:02+00:00\",\"breadcrumb\":{\"@id\":\"https:\/\/compendion.net\/fireflycast\/#breadcrumb\"},\"inLanguage\":\"de\",\"potentialAction\":[{\"@type\":\"ReadAction\",\"target\":[\"https:\/\/compendion.net\/fireflycast\/\"]}]},{\"@type\":\"ImageObject\",\"inLanguage\":\"de\",\"@id\":\"https:\/\/compendion.net\/fireflycast\/#primaryimage\",\"url\":\"https:\/\/compendion.net\/fireflycast\/wp-content\/uploads\/sites\/2\/2018\/11\/Header-compendion-FLY-1200.jpg\",\"contentUrl\":\"https:\/\/compendion.net\/fireflycast\/wp-content\/uploads\/sites\/2\/2018\/11\/Header-compendion-FLY-1200.jpg\",\"width\":1200,\"height\":280},{\"@type\":\"BreadcrumbList\",\"@id\":\"https:\/\/compendion.net\/fireflycast\/#breadcrumb\",\"itemListElement\":[{\"@type\":\"ListItem\",\"position\":1,\"name\":\"Startseite\",\"item\":\"https:\/\/compendion.net\/fireflycast\/\"},{\"@type\":\"ListItem\",\"position\":2,\"name\":\"Episodenguide\"}]},{\"@type\":\"WebSite\",\"@id\":\"https:\/\/compendion.net\/fireflycast\/#website\",\"url\":\"https:\/\/compendion.net\/fireflycast\/\",\"name\":\"Fireflycast\",\"description\":\"Der Analytische Talk zur TV-Serie Firefly\",\"publisher\":{\"@id\":\"https:\/\/compendion.net\/fireflycast\/#organization\"},\"potentialAction\":[{\"@type\":\"SearchAction\",\"target\":{\"@type\":\"EntryPoint\",\"urlTemplate\":\"https:\/\/compendion.net\/fireflycast\/?s={search_term_string}\"},\"query-input\":{\"@type\":\"PropertyValueSpecification\",\"valueRequired\":true,\"valueName\":\"search_term_string\"}}],\"inLanguage\":\"de\"},{\"@type\":\"Organization\",\"@id\":\"https:\/\/compendion.net\/fireflycast\/#organization\",\"name\":\"Fireflycast\",\"url\":\"https:\/\/compendion.net\/fireflycast\/\",\"logo\":{\"@type\":\"ImageObject\",\"inLanguage\":\"de\",\"@id\":\"https:\/\/compendion.net\/fireflycast\/#\/schema\/logo\/image\/\",\"url\":\"https:\/\/compendion.net\/fireflycast\/wp-content\/uploads\/sites\/2\/2018\/11\/Logo-compendion-FLY-3k.jpg\",\"contentUrl\":\"https:\/\/compendion.net\/fireflycast\/wp-content\/uploads\/sites\/2\/2018\/11\/Logo-compendion-FLY-3k.jpg\",\"width\":3000,\"height\":3000,\"caption\":\"Fireflycast\"},\"image\":{\"@id\":\"https:\/\/compendion.net\/fireflycast\/#\/schema\/logo\/image\/\"}}]}<\/script>\n<!-- \/ Yoast SEO plugin. -->","yoast_head_json":{"title":"Episodenguide - Fireflycast","robots":{"index":"index","follow":"follow","max-snippet":"max-snippet:-1","max-image-preview":"max-image-preview:large","max-video-preview":"max-video-preview:-1"},"canonical":"https:\/\/compendion.net\/fireflycast\/","og_locale":"de_DE","og_type":"article","og_title":"Episodenguide - Fireflycast","og_description":"Die Serie Firefly von Joss Whedon ist eine Mischung aus Science Fiction und Western. Es geht um die\u00a0Crew von Captain Malcolm Reynolds, der auf\u00a0viele Weisen versucht, sein Raumschiff Serenity weiterfliegen zu lassen\u00a0und mitsamt seiner Crew zu \u00fcberleben. Die Aufgabe des Fireflycast ist es, jede der Serienepisoden zu analysieren und Szene f\u00fcr Szene zu besprechen, von vorn bis hinten. Jede Sequenz, alle Details, alle Fakten und viele Anekdoten sind in diesem Podcast zu h\u00f6ren. Auch nach der Serie ist nicht Schluss. Es gibt im &#8222;verse&#8220; noch vieles weitere zu Firefly. Wenn ihr all das auch h\u00f6ren wollt, empfehle ich euch, unseren Podcast \u00fcber den Button rechts zu abonnieren. Das ist selbstverst\u00e4ndlich [&hellip;]","og_url":"https:\/\/compendion.net\/fireflycast\/","og_site_name":"Fireflycast","article_modified_time":"2024-08-09T06:11:02+00:00","twitter_card":"summary_large_image","twitter_misc":{"Gesch\u00e4tzte Lesezeit":"4\u00a0Minuten"},"schema":{"@context":"https:\/\/schema.org","@graph":[{"@type":"WebPage","@id":"https:\/\/compendion.net\/fireflycast\/","url":"https:\/\/compendion.net\/fireflycast\/","name":"Episodenguide - Fireflycast","isPartOf":{"@id":"https:\/\/compendion.net\/fireflycast\/#website"},"primaryImageOfPage":{"@id":"https:\/\/compendion.net\/fireflycast\/#primaryimage"},"image":{"@id":"https:\/\/compendion.net\/fireflycast\/#primaryimage"},"thumbnailUrl":"https:\/\/compendion.net\/fireflycast\/wp-content\/uploads\/sites\/2\/2018\/11\/Header-compendion-FLY-1200.jpg","datePublished":"2016-09-05T14:15:29+00:00","dateModified":"2024-08-09T06:11:02+00:00","breadcrumb":{"@id":"https:\/\/compendion.net\/fireflycast\/#breadcrumb"},"inLanguage":"de","potentialAction":[{"@type":"ReadAction","target":["https:\/\/compendion.net\/fireflycast\/"]}]},{"@type":"ImageObject","inLanguage":"de","@id":"https:\/\/compendion.net\/fireflycast\/#primaryimage","url":"https:\/\/compendion.net\/fireflycast\/wp-content\/uploads\/sites\/2\/2018\/11\/Header-compendion-FLY-1200.jpg","contentUrl":"https:\/\/compendion.net\/fireflycast\/wp-content\/uploads\/sites\/2\/2018\/11\/Header-compendion-FLY-1200.jpg","width":1200,"height":280},{"@type":"BreadcrumbList","@id":"https:\/\/compendion.net\/fireflycast\/#breadcrumb","itemListElement":[{"@type":"ListItem","position":1,"name":"Startseite","item":"https:\/\/compendion.net\/fireflycast\/"},{"@type":"ListItem","position":2,"name":"Episodenguide"}]},{"@type":"WebSite","@id":"https:\/\/compendion.net\/fireflycast\/#website","url":"https:\/\/compendion.net\/fireflycast\/","name":"Fireflycast","description":"Der Analytische Talk zur TV-Serie Firefly","publisher":{"@id":"https:\/\/compendion.net\/fireflycast\/#organization"},"potentialAction":[{"@type":"SearchAction","target":{"@type":"EntryPoint","urlTemplate":"https:\/\/compendion.net\/fireflycast\/?s={search_term_string}"},"query-input":{"@type":"PropertyValueSpecification","valueRequired":true,"valueName":"search_term_string"}}],"inLanguage":"de"},{"@type":"Organization","@id":"https:\/\/compendion.net\/fireflycast\/#organization","name":"Fireflycast","url":"https:\/\/compendion.net\/fireflycast\/","logo":{"@type":"ImageObject","inLanguage":"de","@id":"https:\/\/compendion.net\/fireflycast\/#\/schema\/logo\/image\/","url":"https:\/\/compendion.net\/fireflycast\/wp-content\/uploads\/sites\/2\/2018\/11\/Logo-compendion-FLY-3k.jpg","contentUrl":"https:\/\/compendion.net\/fireflycast\/wp-content\/uploads\/sites\/2\/2018\/11\/Logo-compendion-FLY-3k.jpg","width":3000,"height":3000,"caption":"Fireflycast"},"image":{"@id":"https:\/\/compendion.net\/fireflycast\/#\/schema\/logo\/image\/"}}]}},"jetpack_sharing_enabled":true,"_links":{"self":[{"href":"https:\/\/compendion.net\/fireflycast\/wp-json\/wp\/v2\/pages\/216","targetHints":{"allow":["GET"]}}],"collection":[{"href":"https:\/\/compendion.net\/fireflycast\/wp-json\/wp\/v2\/pages"}],"about":[{"href":"https:\/\/compendion.net\/fireflycast\/wp-json\/wp\/v2\/types\/page"}],"author":[{"embeddable":true,"href":"https:\/\/compendion.net\/fireflycast\/wp-json\/wp\/v2\/users\/1"}],"replies":[{"embeddable":true,"href":"https:\/\/compendion.net\/fireflycast\/wp-json\/wp\/v2\/comments?post=216"}],"version-history":[{"count":58,"href":"https:\/\/compendion.net\/fireflycast\/wp-json\/wp\/v2\/pages\/216\/revisions"}],"predecessor-version":[{"id":435,"href":"https:\/\/compendion.net\/fireflycast\/wp-json\/wp\/v2\/pages\/216\/revisions\/435"}],"wp:featuredmedia":[{"embeddable":true,"href":"https:\/\/compendion.net\/fireflycast\/wp-json\/wp\/v2\/media\/398"}],"wp:attachment":[{"href":"https:\/\/compendion.net\/fireflycast\/wp-json\/wp\/v2\/media?parent=216"}],"curies":[{"name":"wp","href":"https:\/\/api.w.org\/{rel}","templated":true}]}}